 = -3*h + 4*h - 9. Let o be (92/6)/((-3)/h). What are the prime factors of 3/(-12)*(2 - 0)*o?
23
Let r be ((-3)/(-1) - 0) + -3. Suppose -4*b + 2 + 6 = r. Suppose b*i = 50 - 6. What are the prime factors of i?
2, 11
Let t = 1795 - 577. Suppose -11*a = -5*a - t. What are the prime factors of a?
7, 29
Suppose -4*y - 16953 - 48674 = -3*x, 4*y = -x + 21849. What are the prime factors of x?
19, 1151
Suppose -4*p + 369 = 5*q, -3*p - 2*q + 184 = -p. Let z = -63 + p. Suppose -5 = -3*x + z. What are the prime factors of x?
11
Let g be ((-1099)/(-21))/((-3)/(-9)). Let m = 218 - g. List the prime factors of m.
61
Let i be 4/(-6) + 552/72. Suppose 0 = -i*n + 9*n - 282. Suppose -3*y + n = -3*f, -y - 2*f = 2*y - 126. What are the prime factors of y?
2, 11
Let y(r) be the first derivative of -24*r**2 + 9*r + 122. List the prime factors of y(-5).
3, 83
Suppose -105*b + 64640 = -101*b. Suppose -157*l + 177*l = b. List the prime factors of l.
2, 101
What are the prime factors of 5666/(-4)*(-78 + 66)?
2, 3, 2833
Let f(o) = o**2 + 2*o + 1. Let k be f(5). What are the prime factors of k*11/((-33)/(-36))?
2, 3
Let k(d) = -19*d + 268. Let f be k(9). Suppose 10528 = f*n - 90*n. What are the prime factors of n?
2, 47
What are the prime factors of 4312350/750 - 1/(-5)?
2, 5, 23
Let q = -14005 + 27334. What are the prime factors of q?
3, 1481
Suppose 39*k - 36142 = 641600. List the prime factors of k.
2, 8689
Suppose -38108 = -30*d + 153712. What are the prime factors of d?
2, 23, 139
Let z be ((-48)/20)/(4/(-840)). Suppose -2*y + 766 = 3*o, 4*o = 6*o - 2*y - z. Let r = o + -141. List the prime factors of r.
113
What are the prime factors of 6098 - (-10)/(2 - 0)?
17, 359
Let u(t) = 436*t - 710. List the prime factors of u(11).
2, 3, 227
Suppose 0 = -2*x + 229*v - 230*v - 1141, 0 = -x - v - 572. Let i = -5 - -32. List the prime factors of x*(-3)/i + (-2)/9.
3, 7
Suppose -300*g + 411*g = 731823. What are the prime factors of g?
19, 347
Let l(y) be the first derivative of 19*y**2/2 + 79*y + 38. List the prime factors of l(16).
383
Suppose 4*m - 83 = -3*c, 2*c - 2 = -0. Let q(z) = 17*z - m + 7*z + 6*z. What are the prime factors of q(5)?
2, 5, 13
Suppose 4*j - 8 = s, 0 = j + 4*s - 2*s - 11. Suppose 4*a = 12, -5*m + j*a + 531 + 315 = 0. What are the prime factors of m?
3, 19
Suppose 0*j + 5*m + 28900 = 5*j, -3*j + 17338 = -5*m. Suppose -j = -6*w + 2043. List the prime factors of w.
2, 163
Let c = 47 + -48. Let m be 0/(0 + (c - -4)). Suppose 5*l - 8*l + 213 = m. What are the prime factors of l?
71
Let t(z) = z**3 + 32*z**2 + 17845. List the prime factors of t(0).
5, 43, 83
What are the prime factors of (-119)/(-3)*(-1301070)/(-1085)?
2, 17, 1399
Let c = 133 - 130. Suppose -r - c*t = -143, -2*r = 3*r + 5*t - 755. What are the prime factors of r?
5, 31
Let w = -48 - -53. Suppose -4*h - 3*c - 2*c = -13, -3 = -4*h + w*c. Suppose -h*b = -b - 136. What are the prime factors of b?
2, 17
Let n(f) = 13*f**2 - 4*f + 44. Let y(x) = 19*x + 239. Let h be y(-13). What are the prime factors of n(h)?
2, 227
Let u = 11014 - 244. What are the prime factors of u?
2, 3, 5, 359
Let s(a) be the second derivative of 0 - 16*a + 73/12*a**4 - 3/2*a**2 - 2/3*a**3. List the prime factors of s(-1).
2, 37
Let a(w) = 33*w**2 + 2*w - 83. List the prime factors of a(-8).
3, 11, 61
Let r be -1*(-210)/(3 - -4). What are the prime factors of ((-13)/(65/r))/((-6)/591)?
3, 197
Suppose f = 5*f - 5*x - 329, 3*f - 5*x - 248 = 0. Let n = -36 + 74. Let g = n + f. List the prime factors of g.
7, 17
Let h(f) = f + 5. Let k be h(2). Suppose -2646 - 1092 = -k*b. List the prime factors of b.
2, 3, 89
Let h be (-2 + 1)*-2 - 3 - 203. Suppose 0*u = -4*u + 16, -2*j - 594 = -4*u. Let y = h - j. List the prime factors of y.
5, 17
List the prime factors of ((-803)/(-33))/((-7835)/(-2610) + -3).
2, 3, 29, 73
Suppose -9*x = -8*x + 2. Let s be (-4)/(-12)*3 - x. Suppose -238 = -s*t + 2*h, -h - 399 = -4*t - t. List the prime factors of t.
2, 5
What are the prime factors of (5 - 275410/(-25)) + (-1)/(15/6)?
103, 107
Let c(g) = 120*g + 2. Let l be c(1). Suppose 3*t + l = 713. Suppose -3*w = 4*f - 243 - t, 5*w = 5*f - 550. What are the prime factors of f?
2, 5, 11
Let x be 9/15*-1 - (-480)/50. Let i = x - 4. Suppose 327 = 4*p - i*u, 0*p - u + 445 = 5*p. List the prime factors of p.
2, 11
Let w = -198 - -203. Suppose 256 = w*s + 191. What are the prime factors of s?
13
Let p be (7/1 + -5)*-104. Let x = -97 - p. List the prime factors of x.
3, 37
Let v = -13497 + 27789. What are the prime factors of v?
2, 3, 397
Suppose 8 = 9*s - 5*s. Suppose -16 = s*o - 6*o. Suppose -o*z = 32 - 424. List the prime factors of z.
2, 7
Suppose 0 = 47*x - 33*x - 28350. Suppose 19*h - x = 14*h. What are the prime factors of h?
3, 5
Let t(i) = -i**3 - 7*i**2 + 4*i + 13. Let o be t(-6). Let a(u) = u**3 + 45*u**2 - 112*u - 224. What are the prime factors of a(o)?
2, 311
Let h(g) = 11*g**2 - 14*g - 1. Let z be h(1). Let j(b) = 35*b**2 + 19. What are the prime factors of j(z)?
3, 193
Let i(o) be the third derivative of -o**5/15 - 11*o**4/24 - 7*o**3/6 + 13*o**2. Let m(p) be the first derivative of i(p). List the prime factors of m(-8).
53
Let x = 6 - -17. Let r(k) = k**2 + 3*k - 12. Let p be r(x). Let j = 822 - p. List the prime factors of j.
2, 59
Suppose 120 = 63*s - 132. Suppose 0 = -10*o - s*o + 14994. What are the prime factors of o?
3, 7, 17
Let l = 18966 - 13040. List the prime factors of l.
2, 2963
Let j(t) = 6*t**2 - 273*t + 60. List the prime factors of j(62).
2, 3, 1033
List the prime factors of (-74762)/(-232)*(2 + 10).
3, 1289
Let c = 72 - 81. Let r(p) = -40*p + 57. What are the prime factors of r(c)?
3, 139
Let f(o) = 20*o**2 - 142*o + 452. What are the prime factors of f(65)?
2, 37861
Let m(d) = -d**2 + 13*d - 15. Let u = 56 + -56. Suppose 2*n - 3 - 13 = u. What are the prime factors of m(n)?
5
Let a = -313 - -336. Suppose -a*t = -18*t - 1920. What are the prime factors of t?
2, 3
Suppose -4266 = k - 7*k. Suppose -4*t - 115 = -k. List the prime factors of t.
149
Let a(i) = 47*i - 65. Let q be (-3)/(2*3) + 50/4. What are the prime factors of a(q)?
499
Suppose 12 = -i - 5*i. Let f be 6/(-4) + i/(-4). Let s = 69 + f. List the prime factors of s.
2, 17
Let u(z) = -7*z**2 - 304*z - 23. What are the prime factors of u(-20)?
3257
Let d = -75 + 115. Let c = -38 + d. Suppose r - 2*r + c*u + 18 = 0, -4*r + 59 = 5*u. List the prime factors of r.
2
Let z(d) = 45*d - 51. Suppose -4*o + 47 - 43 = 0. Suppose -2*x - 5 - o = -4*h, 0 = -4*h + 16. What are the prime factors of z(x)?
2, 3, 29
Let w be (-85)/2*(12 + (-440)/25). Suppose -w*a + 242*a = 2600. What are the prime factors of a?
2, 5, 13
Suppose -5*k = -57 - 3. Suppose 343 = -11*i + k*i. List the prime factors of i.
7
Suppose k = -14*k + 1185. Suppose 61*d - k*d + 9342 = 0. List the prime factors of d.
3, 173
What are the prime factors of (-4)/(-30) - (443548/(-15) - 6)?
2, 3697
Suppose -4*i = 3*u - 123, 5*u + 4*i - 3*i = 222. Suppose 10 = 7*r + 3. List the prime factors of (u/2)/(r - 2/4).
3, 5
Suppose -3*x - 205215 = 10*r - 13*r, 2*x = 4*r - 273616. List the prime factors of r.
3, 151
Suppose 4*j - 10 = 2*x, 0*j + 4*j - 5*x - 25 = 0. Suppose 4*c + u + 2986 = 7*c, -4*c + 4*u + 3976 = j. List the prime factors of c.
2, 3, 83
Let f = -16951 + 39345. List the prime factors of f.
2, 11197
Let p = 444 - 430. Suppose 0 = p*a - 14385 + 3437. What are the prime factors of a?
2, 17, 23
Let b = 229 + -217. Suppose b*u - 14*u = -532. List the prime factors of u.
2, 7, 19
Let o(r) = -2*r**2 - 15*r + 10. Let c be o(-8). Suppose 0 = -c*l + n + 1 - 5, 3*l + 13 = -2*n. What are the prime factors of l*8/60 + (-4510)/(-25)?
2, 3, 5
Let c be ((-35)/14 + -2)*88/(-2). Suppose -3120 = -c*p + 192*p. List the prime factors of p.
2, 5, 13
Suppose 4*r - 2*g - 252085 = -7*g, -315157 = -5*r + g. List the prime factors of r.
2, 3, 5, 11, 191
Suppose 4*c - 6*c + 8632 = 2*a, 4*a = -3*c + 17265. List the prime factors of a.
3, 1439
Let y(n) = 2*n**3 - 2*n + 2. Let f be y(1). Suppose -2*j = f*p + j - 288, -4*p = -2*j - 592. What are the prime factors of p?
3, 7
Suppose -242*i + 3483932 = 2554577 - 7003405. What are the prime factors of i?
2, 5, 11, 149
Suppose -18 = b - 22. Suppose -5*w + 34 = b. List the prime factors of 71/3 + 1 + (-4)/